- 5491 - 13749 = -3*n, -3*l = 10*n - 14368. What is the highest common divisor of l and 896?
112
Let a(h) = -h**2. Let j be a(2). Let o be (j + 6/4)*130. Let f = -190 - o. What is the highest common factor of f and 27?
27
Suppose -4*c - c + 5*r + 570 = 0, 0 = 3*c - 4*r - 339. Let y be (90/5)/6*(54 - 51). Calculate the highest common divisor of y and c.
9
Suppose 0 = -4*b + 4*y + 452, 4*b + 257 = y + 694. Suppose -18000 = -25*v - 75*v. What is the highest common divisor of b and v?
36
Let o(h) = h**2 + 12*h + 45. Let x be o(-14). Suppose 0 = -4*n - r - x + 321, -4*n + r = -248. What is the greatest common factor of 217 and n?
31
Let g(h) = 3*h**2 - 4*h + 5. Suppose -2 = 6*q + 94. Let f = q - -21. Let l be g(f). Calculate the highest common factor of l and 12.
12
Let i = 1321 + 2111. Calculate the greatest common divisor of 1092 and i.
156
Let v be -1*(-27 + 9)*-1*1. Let f be v/(-12)*266/3. Calculate the highest common factor of 57 and f.
19
Suppose 0 = -4*p - 16, -92 = -3*h - 5*p + 20. Calculate the greatest common divisor of 28 and h.
4
Let k be -4 + -1 + (-160)/(-304)*19. Suppose -3*u + 0*u = -12. Suppose 5*d + 3*b = 21 + 8, -u*d - k*b = -18. What is the greatest common divisor of d and 63?
7
Let i = 11007 - 10777. What is the highest common factor of 130 and i?
10
Let o be (558/(-10))/((-99)/825). Suppose 0 = -4*r - 2*r + 90. What is the greatest common factor of o and r?
15
Let c be (337 - 100) + -4 + (0 - -1). Calculate the highest common divisor of 78 and c.
78
Let y be 4302/30 + 9/15. Let p(k) = 2*k - 12. Let u be p(8). Suppose -5*x + 5*n = -x - y, 5*x + u*n = 221. Calculate the greatest common factor of x and 164.
41
Let c(t) = -170*t**3 - 2*t - 1. Suppose 15*u - 28*u - 13 = 0. Let r be c(u). What is the highest common factor of 19 and r?
19
Suppose -10 = 2*w + 2*g, 5*w + 15 + 7 = -4*g. Let r be -4*(-2)/w - (-714)/21. Calculate the greatest common factor of r and 75.
15
Suppose 0 = 3*x + 5*s + 795, -5*x = -5*s + 1809 - 444. Let g be (-36)/x + 986/30. Let o be ((-3)/4)/(3/(-12)). Calculate the highest common factor of o and g.
3
Let s = -449 + 616. Let d = s - 150. What is the greatest common divisor of d and 272?
17
Let s = 7 + -2. Let o(x) = -45*x**3 + 79*x**3 + 8 - 35*x**3 - s*x**2 - 3*x. Let k be o(-4). Calculate the highest common factor of k and 2.
2
Suppose -36 = 18*j + 8*j - 426. What is the highest common divisor of j and 485?
5
Let p be 1/(1/2*-2). Let b be (p + -1)/2 - -29. Suppose -j + 69 = 4*r - 95, 3*r + 2*j - 118 = 0. Calculate the greatest common divisor of b and r.
14
Let m(r) = r. Let u(o) = -3 + 7*o + o + 4*o - 3*o. Let j(v) = 4*m(v) - u(v). Let i be j(-3). What is the greatest common divisor of i and 6?
6
Let i(j) = -j**2 + 3*j + 42. Let v be i(8). Suppose -v*q + 31 = 3*t, 2*q + 4 + 17 = t. Let w = 39 + t. Calculate the highest common factor of 39 and w.
13
Suppose 44 = -8*x - 148. Let u = -17 - -53. Let d = u - x. Calculate the greatest common factor of 12 and d.
12
Let w = 84 + -83. Let d be 5*w - (48 + -151). Let l(z) = 4*z - 4. Let r be l(4). Calculate the highest common factor of d and r.
12
Let f(s) = s**3 + 3*s**2 + 22*s + 3. Let a be f(-5). Let v = -69 - a. What is the highest common divisor of v and 8?
8
Let b(n) = 2*n**2 - n - 223. Let a be b(17). Calculate the highest common factor of 1846 and a.
26
Let o = 62 + -72. Let z be 672/280 + (-1)/(o/(-4)). Suppose -c - 2 + 20 = 0. Calculate the greatest common factor of c and z.
2
Let b be (-1 + 40/6)*(1 + (3 - 1)). What is the greatest common divisor of b and 4352?
17
Let b be (1 - (4 + -6)) + 5 + -2. What is the greatest common divisor of 9642 and b?
6
Suppose 201431 = 24*d - 40117 - 29868. What is the greatest common factor of 86 and d?
43
Let t = 520 + -517. Suppose 2*y - 49 = -t. Calculate the highest common factor of y and 92.
23
Let g be (-4 - -15) + (-4)/1. Let q(x) = -4*x + 33. Let v be q(g). Let j be 2/v + (-115)/(-25). Calculate the highest common factor of j and 5.
5
Let q = -252 + 227. Let f be 2022/15 + (-5)/q. What is the greatest common factor of 54 and f?
27
Let w = 1321 - 762. What is the greatest common factor of 39 and w?
13
Let i(t) = 6*t + 5*t + 73 - 4*t. Let m be i(3). What is the highest common divisor of 235 and m?
47
Suppose q - 57 = -3*v, 4*v + 57 - 133 = -4*q. Let h = 1119 - 644. Calculate the highest common divisor of v and h.
19
Let n = 248 - 171. Let b = n - 58. Let v = 68 - 11. What is the greatest common divisor of b and v?
19
Suppose -804 = -27*k + 2004. Calculate the greatest common divisor of k and 2574.
26
Let y(f) = 424*f - 8923. Let r be y(22). What is the greatest common factor of 567 and r?
81
Let k be (96/(-40))/((-4)/(-10)). Let y(l) = -l**3 - 6*l - 49. Let m be y(k). What is the highest common divisor of 7 and m?
7
Suppose -879 = -s - j - 804, s - 4*j - 60 = 0. What is the greatest common factor of 264 and s?
24
Suppose 5*v - 4*d - 134 = 9, 4*d = -8. Let m = 407 + -353. What is the highest common divisor of m and v?
27
Let w = 35689 + -35579. Let c = 28 + 12. What is the highest common factor of w and c?
10
Suppose -2*w - 3*f = -3, -11 = -5*w + 2*f - 6*f. Suppose m = -4*l + 49, 5 = w*m + 2*m. Calculate the greatest common divisor of l and 6.
6
Let v(d) = -d**3 + 24*d**2 + 3*d + 734. Let h be v(25). Calculate the highest common factor of h and 25484.
92
Let p be 1 + (-4 + 2 - -180). Let x = p - 163. Calculate the highest common divisor of 1 and x.
1
Let u = -424 - -522. Let y be (-1*4)/2*u/(-28). Calculate the greatest common divisor of y and 140.
7
Let d = -12619 + 12909. Calculate the greatest common divisor of d and 754.
58
Let n be ((-1050)/(-1155))/((-2)/(-132)). Calculate the greatest common factor of n and 78.
6
Suppose 39*z - 38*z + 3*v = 120, 4*v - 512 = -4*z. What is the highest common factor of 1188 and z?
132
Let c be (0 - 4/14)*-7. Suppose -s = -c*p + 14 + 5, -p - 4*s - 13 = 0. Let r be (1 - p)/((-2)/(40/3)). What is the highest common factor of 4 and r?
4
Let s(p) = -p**2 + 132*p - 55. Let r(v) = 88*v - 37. Let a(z) = 8*r(z) - 5*s(z). Let n be a(-13). Calculate the greatest common factor of 36 and n.
36
Suppose 10*t = 548 + 1142. What is the greatest common factor of 21632 and t?
169
Let o be -1 - -4 - (-2 + 2). Suppose 3*y + 2*u - 15 = -3*u, o*u - 5 = -y. Let a be (2/(2/(-7)))/(y/(-50)). What is the highest common divisor of 14 and a?
14
Let y(g) = -g**3 + 5*g. Let p = -19 - -15. Let r be (-72)/(-16)*p/6. Let a be y(r). What is the greatest common factor of a and 16?
4
Let m(n) = -99*n - 387. Let x be m(-15). Calculate the greatest common factor of x and 1586.
122
Let x(b) = -b**2 - 16*b + 27. Let o be x(-16). Suppose 64*m = 63*m + o. Let y = 454 - 157. What is the greatest common factor of y and m?
27
Suppose 0 = -45*d - 33*d + 13650. What is the highest common factor of 259 and d?
7
Let a(q) = 2*q + 45. Let x be a(-16). Let h = x + -19. Let i be (h + (-2 - -4))*-7*2. What is the greatest common factor of 56 and i?
56
Let s = -6809 + 7697. What is the highest common divisor of s and 24?
24
Let m be (-6 - (-285)/(-10))*10/3. Let r = 118 + m. Suppose 5*i - 460 = -5*d, -r*d = -i - 3*i + 354. What is the highest common factor of i and 10?
10
Let t = -55491 - -55531. Suppose -15 = 3*a, 2*r - 5*a + 55 = 7*r. What is the highest common divisor of r and t?
8
Suppose 0 = k + 5*v - 36, -15*k = -13*k + v - 126. What is the greatest common factor of k and 426?
6
Let m = -19118 + 20862. What is the greatest common divisor of 16 and m?
16
Suppose -25745 = -3*b - 5018. What is the highest common divisor of 49 and b?
49
Suppose 0 = 5*d - 6*d + 23. Let m = -13 + d. Let o be ((-40)/(-8))/(-15)*-75. Calculate the greatest common divisor of o and m.
5
Let t = 66 + -36. Suppose 3*v - 873 = -2*m + 5*m, -3*v = 5*m + 1439. Let x = m - -309. What is the highest common divisor of x and t?
10
Suppose -4501 - 14905 = -134*x - 4130. What is the greatest common factor of x and 988?
38
Let m be 607 + -3*2/(-3). Suppose -347*l - 26541 + 56730 = 0. Calculate the greatest common factor of m and l.
87
Let k be (2*-6)/2 - -2. Let g be (-2*6)/k - -3. Suppose -3*q - 41 = -113. What is the greatest common divisor of q and g?
6
Let m be 354 + (7 - (4 - -5) - 0). Calculate the greatest common factor of 8624 and m.
176
Let a(w) = -w**2 + 5*w